{"id":250,"date":"2021-06-28T16:10:40","date_gmt":"2021-06-28T14:10:40","guid":{"rendered":"http:\/\/www.plueh.at\/?page_id=250"},"modified":"2021-12-15T12:29:40","modified_gmt":"2021-12-15T11:29:40","slug":"impressum","status":"publish","type":"page","link":"http:\/\/www.plueh.at\/?page_id=250","title":{"rendered":"Impressum"},"content":{"rendered":"\n<h3 class=\"has-text-align-center wp-block-heading\">pl\u00fch. Platz f\u00fcr Holadero<\/h3>\n\n\n\n<h3 class=\"has-text-align-center wp-block-heading\"><strong>Reitunion Ybbsitz<\/strong><\/h3>\n\n\n\n<p class=\"has-text-align-center\">In der Noth 39<\/p>\n\n\n\n<p class=\"has-text-align-center\">A-3341 Ybbsitz<\/p>\n\n\n\n<p><\/p>\n\n\n\n<p class=\"has-text-align-center\">Telefon: +43 664 4384481<\/p>\n\n\n\n<p class=\"has-text-align-center\"><a href=\"mailto:n.stalzer@stalzerlutz.at\">n.stalzer@stalzerlutz.at<\/a><\/p>\n\n\n\n<p><\/p>\n\n\n\n<p class=\"has-text-align-center\">ZVR 1616307657<\/p>\n\n\n\n<p> <\/p>\n\n\n\n<p class=\"has-text-align-center\">. <\/p>\n\n\n\n<p class=\"has-text-align-center\"> .<\/p>\n\n\n\n<p class=\"has-text-align-center\"><strong>Kontonummer: <\/strong><\/p>\n\n\n\n<p class=\"has-text-align-center\">Nieder\u00f6sterreichische Sparkasse <\/p>\n\n\n\n<p class=\"has-text-align-center\">AT74 2025 6000 0061 6094<\/p>\n\n\n\n<p class=\"has-text-align-center\">BIC  SPSPAT 21 XXX<\/p>\n\n\n\n<p class=\"has-text-align-center\">.<\/p>\n\n\n\n<p class=\"has-text-align-center\">.<\/p>\n\n\n\n<p class=\"has-text-align-center\">.<\/p>\n\n\n\n<h4 class=\"has-text-align-center wp-block-heading\"><strong>Copyright und Urheberrecht<\/strong><\/h4>\n\n\n\n<p class=\"has-text-align-center\">.<\/p>\n\n\n\n<p class=\"has-text-align-left\">Der Inhalt dieser Website ist durch das Urheberrecht gesch\u00fctzt. Die Verwendung, Speicherung, Vervielf\u00e4ltigung und Weitergabe von Inhalten dieser Website kann nur mit dem Einverst\u00e4ndnis der Eigent\u00fcmer erfolgen.<\/p>\n\n\n\n<h5 class=\"has-text-align-left wp-block-heading\"><strong>Nennung von gesch\u00fctzten Bezeichnungen, Warenzeichen, Marken, Firmennamen etc.<\/strong><\/h5>\n\n\n\n<p>Alle in dieser Website genannten Bezeichnungen k\u00f6nnen gesch\u00fctzt sein. Die Nennung dieser Bezeichnungen ohne den Hinweis auf ein (eingetragenes und\/oder gesch\u00fctztes) Waren-, Markenzeichen o. \u00e4. ist nicht als Verletzung der Schutzrechte dieser Bezeichnungen und nicht als Sch\u00e4digung der Firmen, die diese Rechte besitzen, anzusehen.<\/p>\n\n\n\n<h5 class=\"has-text-align-left wp-block-heading\"><strong>Preisauszeichnungen<\/strong><\/h5>\n\n\n\n<p>Alle angegebenen Preise sind Bruttopreise, verstehen sich also inklusive aller Steuern und Abgaben. Die W\u00e4hrungseinheit ist Euro.<\/p>\n\n\n\n<h5 class=\"has-text-align-left wp-block-heading\"><strong>Haftung f\u00fcr Links<\/strong><\/h5>\n\n\n\n<p>Links auf unserer Website werden regelm\u00e4\u00dfig \u00fcberpr\u00fcft. Wir sind aber dankbar, wenn ein defekter Link oder ein auf ein illegales Angebot verweisender Link gemeldet wird. Wir werden uns umgehend mit der Bearbeitung befassen. Links zu anderen Websites werden ausschlie\u00dflich zur Erleichterung der Online-T\u00e4tigkeit bereitgestellt. Wenn diese Links genutzt werden, wird diese Website verlassen. Die Reitunion Ybbsitz hat keine Kontrolle und Verantwortung f\u00fcr diese Websites, ihre Inhalte und Datenschutzrichtlinien. Deshalb geben wir keinerlei Best\u00e4tigungen oder Erkl\u00e4rungen zu diesen Websites oder jeglichen dort auffindbaren Informationen, Softwareprogrammen, anderen Produkten oder Materialien oder durch deren Nutzung erzielbare Ergebnisse ab. Der Besuch dieser Websites liegt in der Eigenverantwortung.<\/p>\n\n\n\n<h5 class=\"has-text-align-left wp-block-heading\"><strong>Gender-Hinweis<\/strong><\/h5>\n\n\n\n<p>Wir wollen auf unserer Website alle Geschlechter gleichwertig ansprechen. Daher verwenden wir, wo m\u00f6glich, geschlechtsneutrale Begriffe, f\u00fchren andernfalls sowohl m\u00e4nnliche als auch weibliche Formen an oder w\u00e4hlen \u2013 bei Platzmangel \u2013 das Binnen-I als Schreibweise. Sollten wir an einzelnen Stellen auf ein Gendern der Begriffe verzichten, impliziert dies keinesfalls eine Benachteiligung des jeweils anderen Geschlechts. Alle Geschlechter m\u00f6gen sich von den Inhalten unserer Website gleicherma\u00dfen angesprochen f\u00fchlen. Wir danken f\u00fcr das Verst\u00e4ndnis.<\/p>\n\n\n\n<p><\/p>\n\n\n\n<h4 class=\"has-text-align-center wp-block-heading\">F\u00fcr den Inhalt verantwortlich<\/h4>\n\n\n\n<p class=\"has-text-align-center\"><strong>Reitunion Ybbsitz, ZVR-Zahl: 1616307657<br><\/strong> Obfrau Dipl.Ing.mag. Nora Stalzer<br>E-Mail: <a href=\"mailto:n.stalzer@stalzerlutz.at\">n.stalzer@stalzerlutz.at<\/a><\/p>\n","protected":false},"excerpt":{"rendered":"<p>pl\u00fch. Platz f\u00fcr Holadero Reitunion Ybbsitz In der Noth 39 A-3341 Ybbsitz Telefon: +43 664 4384481 n.stalzer@stalzerlutz.at ZVR 1616307657 . . Kontonummer: Nieder\u00f6sterreichische Sparkasse AT74 2025 6000 0061 6094 BIC SPSPAT 21 XXX . . . Copyright und Urheberrecht . Der Inhalt dieser Website ist durch das Urheberrecht gesch\u00fctzt. Die Verwendung, Speicherung, Vervielf\u00e4ltigung und Weitergabe &hellip; <\/p>\n<p class=\"link-more\"><a href=\"http:\/\/www.plueh.at\/?page_id=250\" class=\"more-link\">Continue reading<span class=\"screen-reader-text\"> &#8220;Impressum&#8221;<\/span><\/a><\/p>\n","protected":false},"author":1,"featured_media":0,"parent":0,"menu_order":2,"comment_status":"closed","ping_status":"closed","template":"","meta":{"footnotes":""},"class_list":["post-250","page","type-page","status-publish","hentry","no-thumbnail"],"_links":{"self":[{"href":"http:\/\/www.plueh.at\/index.php?rest_route=\/wp\/v2\/pages\/250","targetHints":{"allow":["GET"]}}],"collection":[{"href":"http:\/\/www.plueh.at\/index.php?rest_route=\/wp\/v2\/pages"}],"about":[{"href":"http:\/\/www.plueh.at\/index.php?rest_route=\/wp\/v2\/types\/page"}],"author":[{"embeddable":true,"href":"http:\/\/www.plueh.at\/index.php?rest_route=\/wp\/v2\/users\/1"}],"replies":[{"embeddable":true,"href":"http:\/\/www.plueh.at\/index.php?rest_route=%2Fwp%2Fv2%2Fcomments&post=250"}],"version-history":[{"count":19,"href":"http:\/\/www.plueh.at\/index.php?rest_route=\/wp\/v2\/pages\/250\/revisions"}],"predecessor-version":[{"id":362,"href":"http:\/\/www.plueh.at\/index.php?rest_route=\/wp\/v2\/pages\/250\/revisions\/362"}],"wp:attachment":[{"href":"http:\/\/www.plueh.at\/index.php?rest_route=%2Fwp%2Fv2%2Fmedia&parent=250"}],"curies":[{"name":"wp","href":"https:\/\/api.w.org\/{rel}","templated":true}]}}